{"id":77,"date":"2026-08-06T13:27:30","date_gmt":"2026-08-06T13:27:30","guid":{"rendered":"https:\/\/projetosinfoplus.com.br\/loja\/?post_type=product&#038;p=77"},"modified":"2026-08-06T13:28:31","modified_gmt":"2026-08-06T13:28:31","slug":"banqueta-dobravel-em-madeira","status":"publish","type":"product","link":"https:\/\/projetosinfoplus.com.br\/loja\/produto\/banqueta-dobravel-em-madeira\/","title":{"rendered":"Banqueta Dobr\u00e1vel em Madeira"},"content":{"rendered":"<p>Por ser dobr\u00e1vel e ter 45cm de altura \u00e9 muito f\u00e1cil de transportar e guardar em qualquer lugar. Ideal para ser utilizado em atividades ao ar livre como piqueniques e pescarias.<br \/>\nRefor\u00e7ado e de constru\u00e7\u00e3o robusta suporta at\u00e9 100kg de peso e \u00e9 muito seguro. Fabricado com Pinus de primeira linha, com excelente acabamento, d\u00e1 um toque especial em qualquer tipo de ambiente.<br \/>\nPor ser natural pode ter &#8220;n\u00f3s&#8221; e imperfei\u00e7\u00f5es pr\u00f3prias da madeira. \u00d3timo para trabalhos de artesanato, pronto para receber verniz, patna, pintura ou outro tipo de acabamento.<\/p>\n<p style=\"text-align: justify;\">Banqueta\u00a0Dobr\u00e1vel\u00a0em\u00a0Madeira<\/p>\n<p style=\"text-align: justify;\">Medida:\u00a045x28x30\u00a0cm<\/p>\n","protected":false},"excerpt":{"rendered":"<ul class=\"a-unordered-list a-vertical a-spacing-mini\">\n<li class=\"a-spacing-mini\"><span class=\"a-list-item\">F\u00e1cil de transportar: este banco pode ser dobrado e armazenado em gavetas, arm\u00e1rios, paredes e o espa\u00e7o entre m\u00f3veis e banheiros \u00e9 pequeno, o que \u00e9 f\u00e1cil de transportar e economizar espa\u00e7o.<\/span><\/li>\n<li class=\"a-spacing-mini\"><span class=\"a-list-item\">Ampla aplica\u00e7\u00e3o: este banco dobr\u00e1vel tem uma variedade de usos, que pode ser amplamente utilizado em terra\u00e7o, pesca, varanda, trailer, gramado, viagens, etc.<\/span><\/li>\n<li class=\"a-spacing-mini\"><span class=\"a-list-item\">Economize espa\u00e7o: Este banco dobr\u00e1vel usa um design dobr\u00e1vel, que pode ser armazenado no canto ou em espa\u00e7o estreito quando n\u00e3o estiver em uso sem ocupar muito espa\u00e7o.<\/span><\/li>\n<\/ul>\n<p style=\"text-align: justify;\">Banqueta\u00a0Dobr\u00e1vel\u00a0em\u00a0Madeira<\/p>\n<p style=\"text-align: justify;\">Medida:\u00a045x28x30\u00a0cm<\/p>\n<hr \/>\n<p>&nbsp;<\/p>\n","protected":false},"featured_media":125,"comment_status":"open","ping_status":"closed","template":"","meta":[],"product_brand":[],"product_cat":[87],"product_tag":[143,144,145,146],"class_list":["post-77","product","type-product","status-publish","has-post-thumbnail","product_cat-casa-cozinha-e-decoracao","product_tag-banco","product_tag-bancodobravel","product_tag-banquetadobravel","product_tag-banquinho","entry","has-media","first","instock","sale","shipping-taxable","purchasable","product-type-simple","has-product-nav","col","span_1_of_3","owp-content-center","owp-thumbs-layout-horizontal","owp-btn-normal","owp-tabs-layout-horizontal","has-no-thumbnails"],"_links":{"self":[{"href":"https:\/\/projetosinfoplus.com.br\/loja\/wp-json\/wp\/v2\/product\/77","targetHints":{"allow":["GET"]}}],"collection":[{"href":"https:\/\/projetosinfoplus.com.br\/loja\/wp-json\/wp\/v2\/product"}],"about":[{"href":"https:\/\/projetosinfoplus.com.br\/loja\/wp-json\/wp\/v2\/types\/product"}],"replies":[{"embeddable":true,"href":"https:\/\/projetosinfoplus.com.br\/loja\/wp-json\/wp\/v2\/comments?post=77"}],"wp:featuredmedia":[{"embeddable":true,"href":"https:\/\/projetosinfoplus.com.br\/loja\/wp-json\/wp\/v2\/media\/125"}],"wp:attachment":[{"href":"https:\/\/projetosinfoplus.com.br\/loja\/wp-json\/wp\/v2\/media?parent=77"}],"wp:term":[{"taxonomy":"product_brand","embeddable":true,"href":"https:\/\/projetosinfoplus.com.br\/loja\/wp-json\/wp\/v2\/product_brand?post=77"},{"taxonomy":"product_cat","embeddable":true,"href":"https:\/\/projetosinfoplus.com.br\/loja\/wp-json\/wp\/v2\/product_cat?post=77"},{"taxonomy":"product_tag","embeddable":true,"href":"https:\/\/projetosinfoplus.com.br\/loja\/wp-json\/wp\/v2\/product_tag?post=77"}],"curies":[{"name":"wp","href":"https:\/\/api.w.org\/{rel}","templated":true}]}}

Banqueta Dobrável em Madeira

<p>Por ser dobrável e ter 45cm de altura é muito fácil de transportar e guardar em qualquer lugar. Ideal para ser utilizado em atividades ao ar livre como piqueniques e pescarias.<br />
Reforçado e de construção robusta suporta até 100kg de peso e é muito seguro. Fabricado com Pinus de primeira linha, com excelente acabamento, dá um toque especial em qualquer tipo de ambiente.<br />
Por ser natural pode ter &#8220;nós&#8221; e imperfeições próprias da madeira. Ótimo para trabalhos de artesanato, pronto para receber verniz, patna, pintura ou outro tipo de acabamento.</p>
<p style="text-align: justify;">Banqueta Dobrável em Madeira</p>
<p style="text-align: justify;">Medida: 45x28x30 cm</p>

<ul class="a-unordered-list a-vertical a-spacing-mini">
<li class="a-spacing-mini"><span class="a-list-item">Fácil de transportar: este banco pode ser dobrado e armazenado em gavetas, armários, paredes e o espaço entre móveis e banheiros é pequeno, o que é fácil de transportar e economizar espaço.</span></li>
<li class="a-spacing-mini"><span class="a-list-item">Ampla aplicação: este banco dobrável tem uma variedade de usos, que pode ser amplamente utilizado em terraço, pesca, varanda, trailer, gramado, viagens, etc.</span></li>
<li class="a-spacing-mini"><span class="a-list-item">Economize espaço: Este banco dobrável usa um design dobrável, que pode ser armazenado no canto ou em espaço estreito quando não estiver em uso sem ocupar muito espaço.</span></li>
</ul>
<p style="text-align: justify;">Banqueta Dobrável em Madeira</p>
<p style="text-align: justify;">Medida: 45x28x30 cm</p>
<hr />
<p>&nbsp;</p>
