{"id":297,"date":"2026-08-06T13:31:52","date_gmt":"2026-08-06T13:31:52","guid":{"rendered":"https:\/\/projetosinfoplus.com.br\/loja\/?post_type=product&#038;p=297"},"modified":"2026-08-06T13:31:57","modified_gmt":"2026-08-06T13:31:57","slug":"porta-retrato-mdf-foto-10x15-1-unidade","status":"publish","type":"product","link":"https:\/\/projetosinfoplus.com.br\/loja\/produto\/porta-retrato-mdf-foto-10x15-1-unidade\/","title":{"rendered":"PORTA RETRATO MDF &#8211; FOTO 10&#215;15 &#8211; 1 UNIDADE"},"content":{"rendered":"<p>Porta Retrato para foto 10&#215;15 em madeira MDF cru, para decora\u00e7\u00e3o de casa, festa, anivers\u00e1rio, casamento e diversos eventos e ambientes.<\/p>\n<p>Pode ser usado na vertical e na horizontal.<\/p>\n<p>Acabamento de \u00f3tima qualidade.<\/p>\n<p>Nossos produtos s\u00e3o fabrica\u00e7\u00e3o pr\u00f3pria, do in\u00edcio ao acabamento.<\/p>\n<p>Produtos a pronta entrega, trabalhamos com pe\u00e7as em estoques para agilizar a entrega.<\/p>\n<p>Envio imediato, (mediante confirma\u00e7\u00e3o do pagamento) seu pedido ser\u00e1 coletado pela transportadora (de segunda a sexta).<\/p>\n<p>Especifica\u00e7\u00f5es:<\/p>\n<p>Comprimento: 20 cm<\/p>\n<p>Largura: 15 cm<\/p>\n<p>Espessura moldura: 1 cm<\/p>\n<p>Material: MDF<\/p>\n<p>Acabamento: Cru<\/p>\n<p>&nbsp;<\/p>\n<p>OBS: Enviamos com o pino traseiro desmontado para evitar quebras ao transportar. F\u00e1cil de montar; \u00e9 s\u00f3 encaixar.<\/p>\n<p>Somente porta retrato. N\u00c3O acompanha vidro APENAS o plastico para prote\u00e7\u00e3o!<\/p>\n","protected":false},"excerpt":{"rendered":"<p>Porta Retrato 10&#215;15 &#8211; 1 Unidade<\/p>\n","protected":false},"featured_media":313,"comment_status":"open","ping_status":"closed","template":"","meta":[],"product_brand":[],"product_cat":[16,87],"product_tag":[350,351,352],"class_list":["post-297","product","type-product","status-publish","has-post-thumbnail","product_cat-arte-e-pintura","product_cat-casa-cozinha-e-decoracao","product_tag-portaretrato","product_tag-portaretrato10x15","product_tag-portaretratoartezanal","entry","has-media","first","instock","shipping-taxable","purchasable","product-type-simple","has-product-nav","col","span_1_of_3","owp-content-center","owp-thumbs-layout-horizontal","owp-btn-normal","owp-tabs-layout-horizontal","has-no-thumbnails"],"_links":{"self":[{"href":"https:\/\/projetosinfoplus.com.br\/loja\/wp-json\/wp\/v2\/product\/297","targetHints":{"allow":["GET"]}}],"collection":[{"href":"https:\/\/projetosinfoplus.com.br\/loja\/wp-json\/wp\/v2\/product"}],"about":[{"href":"https:\/\/projetosinfoplus.com.br\/loja\/wp-json\/wp\/v2\/types\/product"}],"replies":[{"embeddable":true,"href":"https:\/\/projetosinfoplus.com.br\/loja\/wp-json\/wp\/v2\/comments?post=297"}],"wp:featuredmedia":[{"embeddable":true,"href":"https:\/\/projetosinfoplus.com.br\/loja\/wp-json\/wp\/v2\/media\/313"}],"wp:attachment":[{"href":"https:\/\/projetosinfoplus.com.br\/loja\/wp-json\/wp\/v2\/media?parent=297"}],"wp:term":[{"taxonomy":"product_brand","embeddable":true,"href":"https:\/\/projetosinfoplus.com.br\/loja\/wp-json\/wp\/v2\/product_brand?post=297"},{"taxonomy":"product_cat","embeddable":true,"href":"https:\/\/projetosinfoplus.com.br\/loja\/wp-json\/wp\/v2\/product_cat?post=297"},{"taxonomy":"product_tag","embeddable":true,"href":"https:\/\/projetosinfoplus.com.br\/loja\/wp-json\/wp\/v2\/product_tag?post=297"}],"curies":[{"name":"wp","href":"https:\/\/api.w.org\/{rel}","templated":true}]}}

<p>Porta Retrato para foto 10&#215;15 em madeira MDF cru, para decoração de casa, festa, aniversário, casamento e diversos eventos e ambientes.</p>
<p>Pode ser usado na vertical e na horizontal.</p>
<p>Acabamento de ótima qualidade.</p>
<p>Nossos produtos são fabricação própria, do início ao acabamento.</p>
<p>Produtos a pronta entrega, trabalhamos com peças em estoques para agilizar a entrega.</p>
<p>Envio imediato, (mediante confirmação do pagamento) seu pedido será coletado pela transportadora (de segunda a sexta).</p>
<p>Especificações:</p>
<p>Comprimento: 20 cm</p>
<p>Largura: 15 cm</p>
<p>Espessura moldura: 1 cm</p>
<p>Material: MDF</p>
<p>Acabamento: Cru</p>
<p>&nbsp;</p>
<p>OBS: Enviamos com o pino traseiro desmontado para evitar quebras ao transportar. Fácil de montar; é só encaixar.</p>
<p>Somente porta retrato. NÃO acompanha vidro APENAS o plastico para proteção!</p>
